d - 13 + 9 = 5*t. Let u(r) be the second derivative of 1/3*r**4 + 1/3*r**d + 29*r - 1/20*r**5 + 0 + r**2. Determine u(4).
10
Let s(v) = -141*v + 22*v + 56 + 126*v. Determine s(-6).
14
Let f(s) = s**3 + s**2 - 8. Let x = -4 - -8. Suppose 5*g + 55 = 70. Suppose x*t = y + 12, y + 3 = g*t - 2*t. Calculate f(y).
-8
Let g(u) = u**2 + 2*u + 2. Suppose 7*b = 5*b + 10. Suppose 9 = 3*z, 3*z + b - 26 = -2*h. Suppose -5*f - v - 11 = 0, -4*v + 22 = -4*f - h. Determine g(f).
5
Let n(v) be the first derivative of -v**4/4 - 7*v**3/3 - 7*v**2/2 + 4*v + 691. What is n(-6)?
10
Suppose 35 = -31*j + 38*j. Let i(k) = j*k - 114 - 7*k + 106. Calculate i(-10).
12
Let u(l) be the second derivative of -113*l + 1/2*l**2 + 1/4*l**5 + 0 + 1/6*l**4 - 1/6*l**3. Determine u(-2).
-29
Suppose 15*f = 14*f + 15. Suppose -5*u - 45 = -4*n, -2*n + f = -15*u + 14*u. Let c(g) = 4*g - 3. What is c(n)?
17
Let f be 20/(-70) - (-16)/7. Let s be (f/(-4))/(3/54). Let v be ((-6)/s)/((-14)/(-21)). Let b(o) = -3*o - 1. Determine b(v).
-4
Let v(p) = -2*p**2 + 37*p + 5. Let n(m) = m**2 + m + 1. Let a(w) = 4*n(w) + v(w). Let f be a(-21). Suppose 4*q - f = 10*q. Let y(k) = k**2 + 6*k + 3. Give y(q).
-2
Suppose -3*z = 18 - 3. Let p be z*4/(-4) - 2. Let v(o) = 6*o**2 - 4 - o**p - 5*o - 2*o**2 + o**2. Calculate v(4).
-8
Let c = 261 + -259. Suppose 14*j - c = -100. Let g(k) = k - 9. Give g(j).
-16
Let x(d) = 5*d**2 - 6*d - 3. Suppose 0 = -5*g - 10, -41*p + 49*p = 4*g + 8. Determine x(p).
-3
Let m be 1*-4 - (14 - 23). Let w be (-15)/3*(-8)/10. Suppose 9 = m*x + w. Let k(f) = 4*f**2 - f + 1. Determine k(x).
4
Let q(d) = d - 3 - 3*d + 5*d + 3*d**2. Let r(z) be the second derivative of 5*z**3/2 - 103*z**2/2 - z - 33. Let n be r(7). What is q(n)?
15
Let t be ((-16)/(-28))/(2/7). Let n(g) = -9*g**2 + 11*g**2 - 2 + t*g + 0 - 2. Calculate n(4).
36
Let r(b) = b. Let l(q) = -3. Let a(w) = -2*l(w) - 2*r(w). Let o = -38543 + 38550. Give a(o).
-8
Let g(p) = -8*p + 13. Suppose 3*r + 4 + 2 = j, 4*j - 13 = r. Let u(s) = 2*s - 1. Let i(t) = j*u(t) + g(t). Give i(7).
-4
Let r(o) = -o + 2. Let x(z) = 7*z**2 + 53*z. Let p be x(-8). Suppose q - 4*f = 27, -q + p = q - 2*f. Give r(q).
-5
Let b(q) = -2*q**2 + 61*q - 43. Let p(i) = -7*i**2 + 245*i - 170. Let o(h) = 9*b(h) - 2*p(h). Calculate o(14).
-5
Let v(f) be the third derivative of 1/24*f**4 - 1/120*f**6 + 0 - 2*f**2 - f + 0*f**3 - 1/10*f**5. Suppose 0 = -4*c - c - 30. What is v(c)?
-6
Let v(q) = -5 + 0 + 7906*q - 7907*q - 2 - 2. What is v(2)?
-11
Let p(u) = -79*u**2 + 9*u + 1. Let q(m) = 63*m**2 - 8*m - 1. Let a(z) = 6*p(z) + 7*q(z). Determine a(-1).
-32
Let x(z) be the second derivative of -1/2*z**3 - 4*z + 1/2*z**2 - 5. What is x(-1)?
4
Let f(s) = 0 + 1 - 4*s + 0 + 3 + s**2. Let b(k) = 2*k**2 + 60*k - 1005. Let d be b(-42). Give f(d).
1
Let f(y) = -y**2 + 3*y - 4. Suppose -50 = -3*z - t, t + 76 = -15*z + 19*z. Suppose -o + 2*k = 5, 15*o + 3*k - 3 = z*o. Determine f(o).
-4
Let s be (120/70)/(((-60)/42)/5). Let m(a) = -a**2 - 3*a + 8. Determine m(s).
-10
Suppose -3 = -3*h + 45. Let q(l) = 1 - 3*l + h*l + 17*l. Determine q(1).
31
Let s(d) = -8*d + 92. Suppose -111*h + 883 + 782 = 0. Give s(h).
-28
Let t(d) be the third derivative of -d**5/60 - 37*d**4/24 - 61*d**3/6 - 12*d**2 - 23*d. Determine t(-35).
9
Let n(p) = -28*p**3 + 24*p**2 - 7*p - 35. Let k(t) = -11*t**3 + 13*t**2 - 3*t - 18. Let d(q) = -5*k(q) + 2*n(q). What is d(-17)?
3
Let z(m) = -1049*m**2 + 0 - 4 - 1048*m**2 + 3123*m**2 - 1047*m**2. Give z(1).
-25
Suppose -57 = 3*r - 48. Let y be (-1)/((3/653)/r). Let x(t) = 655*t - 3 - y*t + 1. Give x(-4).
-10
Let k(b) = -6*b + 4. Let w(r) be the second derivative of -r**3/6 + 5*r - 10. Let z(h) = -k(h) + 5*w(h). Determine z(0).
-4
Let c be ((-1 - (-4 + 3))*1)/(-2). Let i(w) = 1. Let o(a) = a**2 + a - 2. Let s(y) = i(y) + o(y). Calculate s(c).
-1
Let i = 12747 - 12782. Let k(l) = -l**2 - 35*l - 19. Calculate k(i).
-19
Let y(w) = -3*w + 3. Suppose 3*c - 10 - 5 = 0. Suppose c*z = 4*z - 3. Give y(z).
12
Suppose 0 = 15045*r - 15050*r + 85. Let t(j) be the third derivative of 0*j**4 + r*j**2 - 1/12*j**5 + 0 + 1/6*j**3 + 0*j. Determine t(-1).
-4
Let q(i) = 2*i**2 - i. Let r be q(1). Suppose -14*h - 13*h + 108 = 0. Let n(s) = 3*s - 1 + 4*s - h*s + 0*s. Determine n(r).
2
Let i be ((-10)/(-4))/(12/(-24)). Let g(m) = -4 - 15*m**2 + 5*m**3 - 4*m**3 + 6*m**2 + 3*m**2 + 6*m + 12*m**2. Give g(i).
-9
Let y(j) = 7*j**2 + 16*j - 4. Let x(r) = -5 - 53*r + 123*r + 2 - 57*r + 6*r**2. Let d(m) = 6*x(m) - 5*y(m). Calculate d(3).
5
Let k(u) = 12*u**2 - 102. Let m(l) = 48*l**2 - 425. Let n(f) = 25*k(f) - 6*m(f). Determine n(1).
12
Let a(y) be the second derivative of -y**6/120 + 3*y**5/20 - 3*y**4/8 + 11*y**3/6 - 59*y**2/2 + 21*y. Let s(r) be the first derivative of a(r). Calculate s(8).
3
Let u be ((-2891)/147 - -21)*(38/(-4) - 1). Let n(p) = -p + 33. Determine n(u).
47
Let t(y) = -4*y**2 - 10*y + 11. Let c(q) = 149*q + 15193. Let m be c(-102). What is t(m)?
-39
Let k(j) = -2*j**3 - 25*j**2 - 11*j + 27. Suppose -12*a - 40 - 32 = 0. Let z(i) = -i**3 - 12*i**2 - 5*i + 13. Let l(q) = a*k(q) + 13*z(q). Calculate l(-6).
1
Let a(o) = -4*o**2 + 9*o. Let n = -13333 + 13339. What is a(n)?
-90
Let j(g) = g**2 + 18*g - 1. Let i(f) = -5*f + 210. Let s be i(36). Suppose -5*q - 2*b = 84, 20*q + s = 18*q - 2*b. Give j(q).
-1
Let l(o) = -o + 23. Suppose -7*u + 210 = 3*u. Suppose 21 = -4*f + u. Calculate l(f).
23
Let m = 578 - 576. Let g(f) = 0 - 5*f**m + 5*f**2 + 3 - 7*f + 2 + 2*f**2. Determine g(5).
20
Let y(c) = -c**3 + 10122*c**2 + 6 - 5063*c**2 - 26 - 5066*c**2 + 14*c. What is y(-9)?
16
Suppose -4*q - 84 = 4*c, 2*q + c + 15 = -22. Let n be -12 + 5 - (q + 7). Let s(u) = -3*u**2 + 3*u - 3. What is s(n)?
-9
Suppose -5*h = 3*p - 11, -134*h = 5*p - 129*h + 5. Let k(q) = q**2 + 7*q + 18. Determine k(p).
26
Let v(n) = -n**3 - 12*n**2 + 2*n + 156. Let k be v(-11). Let u(x) = -x**2 + 12*x + 23. Give u(k).
10
Suppose -3*g + 10 = -2. Suppose g*i + 98 = 11*i. Let l(c) = c**2 + 6 - i + 7. What is l(-2)?
3
Let c(b) = 4 - 156*b - 6*b**2 - 11 + 259*b - 187*b. Calculate c(-14).
-7
Suppose 7 + 25 + 13 = -9*m. Let v(g) be the first derivative of -11*g + 6*g + 1 + 2*g**2 + 1. Determine v(m).
-25
Let j(b) = 6*b + 5. Let w = -55 + 60. Let x(s) = -11*s - 9. Let z(q) = w*j(q) + 3*x(q). Let f(h) = 2*h + 2. Let u(a) = -5*f(a) - 4*z(a). Calculate u(-5).
-12
Let u(q) = q**3 - 2*q**2 + 3*q - 2. Let t(p) = p**2 - 27*p - 8. Let c be t(20). Let z = 150 + c. Determine u(z).
4
Suppose j + 0*j = 2. Let v(z) = -5 + 4 - 2*z**j - 1 + z**2. Suppose -36*x + 33 = -25*x. What is v(x)?
-11
Let j(n) = 2*n - 3. Let w(u) = -u + 1. Let t(z) = j(z) + 3*w(z). Suppose -14*k - 1141 = -101*k - 76*k. Calculate t(k).
-7
Let w(u) = -59*u - 348. Let t be -1 + 82/(-738) + 44/(-9). Give w(t).
6
Let k = 101 - 87. Let p(y) = 14*y + 7 + 2*y - k*y. What is p(-7)?
-7
Let r(g) = -8*g - 1. Let q be 2/(-9) - ((-1968)/(-27))/(-4). Let k be 11/(-99) + (-34)/q. Calculate r(k).
15
Suppose 13 + 21 + 20 = -18*c. Let d(z) = z**2 + 3*z + 4. Determine d(c).
4
Suppose 150 + 218 = -36*s - 136. Let p(i) be the second derivative of i**5/20 + 13*i**4/12 - 2*i**3 + 9*i**2 - 3*i. Determine p(s).
-10
Let c(w) = -w**2 + 0*w**2 - 3*w + 0*w**2 + 6 - 2. Let u(f) = -f**3 - 3*f**2 + 3*f + 11. Let b be u(-4). Suppose -b*q = -8*q + 21. What is c(q)?
4
Let a(v) = -323 + 2*v + 647 - 319. Let r be a(-5). Let u(d) = d + 7. What is u(r)?
2
Let l(i) = -2*i + 16*i - 10*i - 37 - i. Calculate l(14).
5
Let c = -47 + 66. Let w be c/(-38)*(0 + 12). Let b(a) = -2*a**2 + 6*a + a**2 - 2*a**2 + 4*a**2 - 4. What is b(w)?
-4
Let f(q) be the third derivative of q**5/60 - 9*q**4/8 + 131*q**3/6 + q**2 - 7*q + 491. Determine f(6).
5
Let m(v) = 12*v - 460. Let y be m(38). Let q(a) = -a**3 - 4*a**2 + 4*a + 13. Give q(y).
-3
Let u(l) = -l**2 - 26*l + 56. Let i be u(-28). Let h(s) = -1 + 4 + 5*s - s**2 - 4 + i*s. What is h(2)?
5
Let y(b) = 4*b - 3. Suppose -14*d + 110 = -268. Suppose d*s - 58 = -4. What is y(s)?
5
Suppose 2*f - 32 + 8 = 0. Suppose 8 - f = -2*u. Let v(i) = -3*i**2 + 26*i - 26. Let j(p) = -p**2 + 9*p - 9. Let q(a) = u*v(a) - 7*j(a). Determine q(8).
-13
Let g be ((-15610)/35)/(1 + 2/2). Let i = 216 + g. Let x(q) = -q**3 - 7*q**2 + q + 4. Determine x(i).
-3
Let p(c) = 90*c**2 + 23*c - 91. Let m(r) = -14